 55 and 539?
11
Calculate the highest common divisor of 61 and 1586.
61
What is the greatest common divisor of 12 and 10644?
12
What is the highest common divisor of 9747 and 27?
27
Calculate the highest common factor of 1071 and 21.
21
Calculate the highest common factor of 30 and 15.
15
Calculate the greatest common divisor of 572 and 44.
44
What is the greatest common factor of 210 and 2485?
35
Calculate the greatest common factor of 76 and 855.
19
Calculate the greatest common divisor of 40 and 190.
10
Calculate the highest common divisor of 7125 and 150.
75
Calculate the highest common factor of 45 and 441.
9
Calculate the greatest common divisor of 46 and 115.
23
What is the highest common factor of 26 and 3146?
26
Calculate the greatest common divisor of 6 and 26.
2
Calculate the greatest common factor of 32 and 288.
32
Calculate the highest common factor of 20 and 10.
10
What is the greatest common factor of 75 and 1475?
25
What is the highest common factor of 212 and 268?
4
Calculate the highest common factor of 133 and 5719.
133
Calculate the highest common divisor of 465 and 2976.
93
What is the greatest common divisor of 2310 and 242?
22
Calculate the highest common factor of 3971 and 1045.
209
Calculate the highest common divisor of 512 and 4.
4
Calculate the highest common factor of 1755 and 767.
13
What is the greatest common divisor of 107 and 32?
1
Calculate the highest common factor of 3372 and 12.
12
Calculate the greatest common divisor of 336 and 12.
12
What is the highest common factor of 185 and 740?
185
Calculate the highest common divisor of 19 and 2.
1
Calculate the highest common factor of 2682 and 18.
18
Calculate the greatest common factor of 49 and 49.
49
What is the greatest common divisor of 1003 and 59?
59
What is the greatest common divisor of 374 and 44?
22
What is the highest common divisor of 640 and 470?
10
Calculate the highest common divisor of 2970 and 110.
110
What is the highest common divisor of 6927 and 3?
3
What is the greatest common divisor of 54 and 18198?
54
What is the greatest common divisor of 2954 and 14?
14
Calculate the greatest common divisor of 36 and 4608.
36
Calculate the highest common factor of 102 and 11118.
102
Calculate the highest common factor of 48 and 112.
16
Calculate the greatest common divisor of 2336 and 32.
32
What is the highest common factor of 322 and 35?
7
Calculate the greatest common factor of 344 and 16.
8
What is the highest common factor of 2139 and 69?
69
Calculate the highest common factor of 132 and 828.
12
What is the highest common factor of 4733 and 1?
1
Calculate the greatest common divisor of 48 and 18.
6
What is the highest common factor of 11 and 704?
11
What is the greatest common factor of 99 and 33?
33
Calculate the highest common divisor of 84 and 12516.
84
Calculate the greatest common divisor of 9476 and 92.
92
What is the greatest common factor of 602 and 473?
43
Calculate the highest common divisor of 204 and 12.
12
Calculate the greatest common divisor of 133 and 19.
19
Calculate the greatest common factor of 304 and 95.
19
What is the greatest common factor of 258 and 12?
6
Calculate the greatest common divisor of 60 and 1740.
60
What is the greatest common divisor of 441 and 18?
9
Calculate the highest common divisor of 102 and 2074.
34
What is the greatest common divisor of 45 and 11520?
45
Calculate the highest common divisor of 136 and 27064.
136
Calculate the greatest common divisor of 331 and 1.
1
What is the greatest common factor of 46 and 6463?
23
What is the highest common divisor of 2294 and 444?
74
Calculate the greatest common factor of 33 and 1133.
11
What is the greatest common factor of 6 and 96?
6
Calculate the greatest common divisor of 11 and 187.
11
Calculate the greatest common factor of 25 and 5.
5
What is the highest common divisor of 56 and 3?
1
Calculate the highest common divisor of 361 and 133.
19
What is the highest common factor of 675 and 243?
27
What is the highest common divisor of 162 and 6?
6
What is the greatest common factor of 712 and 267?
89
What is the greatest common factor of 11 and 5401?
11
What is the greatest common divisor of 82 and 492?
82
Calculate the highest common divisor of 980 and 340.
20
What is the highest common divisor of 837 and 62?
31
Calculate the highest common factor of 65 and 5.
5
What is the greatest common divisor of 4 and 2956?
4
Calculate the highest common factor of 126 and 840.
42
Calculate the greatest common divisor of 37 and 1.
1
What is the greatest common factor of 370 and 270?
10
Calculate the greatest common divisor of 32 and 104.
8
Calculate the greatest common factor of 70 and 686.
14
What is the greatest common divisor of 174 and 1160?
58
Calculate the greatest common divisor of 3051 and 270.
27
Calculate the greatest common factor of 2886 and 78.
78
Calculate the greatest common factor of 387 and 63.
9
Calculate the highest common divisor of 865 and 692.
173
Calculate the highest common divisor of 850 and 225.
25
Calculate the greatest common factor of 55 and 627.
11
Calculate the greatest common divisor of 874 and 19.
19
Calculate the greatest common factor of 1763 and 43.
43
What is the highest common factor of 686 and 560?
14
Calculate the greatest common divisor of 3315 and 1560.
195
What is the greatest common factor of 181 and 72581?
181
Calculate the greatest common divisor of 55 and 55.
55
Calculate the greatest common factor of 236 and 531.
59
What is the greatest common factor of 33 and 264?
33
What is the greatest common divisor of 245 and 98?
49
Calculate the greatest common divisor of 360 and 16.
8
What is the greatest common factor of 273 and 231?
21
What is the highest common factor of 3612 and 252?
84
Calculate the greatest common divisor of 121 and 143.
11
Calculate the greatest common divisor of 17 and 131.
1
What is the highest common factor of 2873 and 3094?
221
Calculate the greatest common divisor of 114 and 20558.
38
What is the highest common divisor of 1615 and 19?
19
What is the greatest common divisor of 2200 and 165?
55
What is the highest common factor of 1208 and 16?
8
Calculate the highest common divisor of 82 and 492.
82
What is the highest common factor of 22 and 121?
11
Calculate the highest common divisor of 41 and 287.
41
Calculate the greatest common factor of 32 and 1640.
8
What is the greatest common factor of 82 and 205?
41
What is the highest common divisor of 301 and 7?
7
What is the greatest common factor of 256 and 16?
16
What is the highest common divisor of 60 and 645?
15
Calculate the highest common factor of 148 and 4033.
37
Calculate the greatest common divisor of 30 and 710.
10
What is the highest common divisor of 901 and 53?
53
Calculate the highest common factor of 17456 and 80.
16
Calculate the greatest common factor of 11 and 55.
11
What is the highest common divisor of 36 and 198?
18
Calculate the greatest common divisor of 5564 and 156.
52
Calculate the greatest common divisor of 549 and 61.
61
What is the highest common divisor of 9396 and 2430?
162
What is the greatest common factor of 190 and 1615?
95
Calculate the highest common factor of 3315 and 30.
15
What is the greatest common factor of 44 and 316?
4
What is the highest common divisor of 9315 and 46?
23
Calculate the greatest common divisor of 2125 and 34.
17
Calculate the greatest common factor of 200 and 75.
25
What is the greatest common factor of 20 and 5630?
10
Calculate the highest common divisor of 342 and 3534.
114
Calculate the highest common factor of 4662 and 126.
126
What is the highest common divisor of 6561 and 81?
81
Calculate the highest common factor of 740 and 4625.
185
Calculate the greatest common divisor of 416 and 1144.
104
What is the greatest common factor of 1420 and 30?
10
What is the greatest common divisor of 26 and 63934?
26
Calculate the highest common factor of 1475 and 1125.
25
Calculate the highest common divisor of 30 and 255.
15
Calculate the greatest common divisor of 270 and 90.
90
Calculate the greatest common factor of 198 and 162.
18
Calculate the highest common divisor of 1551 and 33.
33
What is the highest common divisor of 104 and 1118?
26
What is the highest common divisor of 361 and 38?
19
What is the